{"id":12,"date":"2026-02-08T14:25:46","date_gmt":"2026-02-08T14:25:46","guid":{"rendered":"https:\/\/centrumpure.us.edu.pl\/?page_id=12"},"modified":"2026-02-08T20:48:26","modified_gmt":"2026-02-08T20:48:26","slug":"kontakt","status":"publish","type":"page","link":"https:\/\/centrumpure.us.edu.pl\/index.php\/kontakt\/","title":{"rendered":"Kontakt"},"content":{"rendered":"\n<figure class=\"wp-block-image size-large\"><img loading=\"lazy\" decoding=\"async\" width=\"1024\" height=\"172\" src=\"https:\/\/centrumpure.us.edu.pl\/wp-content\/uploads\/2026\/02\/uniwersytet-slaski_logo_poziome_rgb-3-1024x172.jpg\" alt=\"\" class=\"wp-image-41\" srcset=\"https:\/\/centrumpure.us.edu.pl\/wp-content\/uploads\/2026\/02\/uniwersytet-slaski_logo_poziome_rgb-3-1024x172.jpg 1024w, https:\/\/centrumpure.us.edu.pl\/wp-content\/uploads\/2026\/02\/uniwersytet-slaski_logo_poziome_rgb-3-300x51.jpg 300w, https:\/\/centrumpure.us.edu.pl\/wp-content\/uploads\/2026\/02\/uniwersytet-slaski_logo_poziome_rgb-3-768x129.jpg 768w, https:\/\/centrumpure.us.edu.pl\/wp-content\/uploads\/2026\/02\/uniwersytet-slaski_logo_poziome_rgb-3-1536x259.jpg 1536w, https:\/\/centrumpure.us.edu.pl\/wp-content\/uploads\/2026\/02\/uniwersytet-slaski_logo_poziome_rgb-3-2048x345.jpg 2048w\" sizes=\"auto, (max-width: 1024px) 100vw, 1024px\" \/><\/figure>\n\n\n\n<p>Centrum Bada\u0144 nad Prawem Upad\u0142o\u015bciowym Restrukturyzacyjnym i Egzekucyjnym Uniwersytetu \u015al\u0105skiego<\/p>\n\n\n\n<p>Wydzia\u0142 Prawa i Administracji U\u015a<br>ul. ul. Bankowa 11b, 40-007 Katowice<\/p>\n\n\n\n<p>Zapraszamy r\u00f3wnie\u017c do kontaktu mailowego: <\/p>\n","protected":false},"excerpt":{"rendered":"<p>Centrum Bada\u0144 nad Prawem Upad\u0142o\u015bciowym Restrukturyzacyjnym i Egzekucyjnym Uniwersytetu \u015al\u0105skiego Wydzia\u0142 Prawa i Administracji U\u015aul. ul. Bankowa 11b, 40-007 Katowice Zapraszamy r\u00f3wnie\u017c do kontaktu mailowego:<\/p>\n","protected":false},"author":1,"featured_media":0,"parent":0,"menu_order":0,"comment_status":"closed","ping_status":"closed","template":"","meta":{"footnotes":""},"class_list":["post-12","page","type-page","status-publish","hentry"],"_links":{"self":[{"href":"https:\/\/centrumpure.us.edu.pl\/index.php\/wp-json\/wp\/v2\/pages\/12","targetHints":{"allow":["GET"]}}],"collection":[{"href":"https:\/\/centrumpure.us.edu.pl\/index.php\/wp-json\/wp\/v2\/pages"}],"about":[{"href":"https:\/\/centrumpure.us.edu.pl\/index.php\/wp-json\/wp\/v2\/types\/page"}],"author":[{"embeddable":true,"href":"https:\/\/centrumpure.us.edu.pl\/index.php\/wp-json\/wp\/v2\/users\/1"}],"replies":[{"embeddable":true,"href":"https:\/\/centrumpure.us.edu.pl\/index.php\/wp-json\/wp\/v2\/comments?post=12"}],"version-history":[{"count":3,"href":"https:\/\/centrumpure.us.edu.pl\/index.php\/wp-json\/wp\/v2\/pages\/12\/revisions"}],"predecessor-version":[{"id":85,"href":"https:\/\/centrumpure.us.edu.pl\/index.php\/wp-json\/wp\/v2\/pages\/12\/revisions\/85"}],"wp:attachment":[{"href":"https:\/\/centrumpure.us.edu.pl\/index.php\/wp-json\/wp\/v2\/media?parent=12"}],"curies":[{"name":"wp","href":"https:\/\/api.w.org\/{rel}","templated":true}]}}