{"id":44,"date":"2026-02-08T15:03:12","date_gmt":"2026-02-08T15:03:12","guid":{"rendered":"https:\/\/centrumpure.us.edu.pl\/index.php\/aktualnosci\/"},"modified":"2026-04-12T19:50:12","modified_gmt":"2026-04-12T19:50:12","slug":"aktualnosci","status":"publish","type":"page","link":"https:\/\/centrumpure.us.edu.pl\/index.php\/aktualnosci\/","title":{"rendered":"Aktualno\u015bci"},"content":{"rendered":"\n<p class=\"has-large-font-size\"><strong>Wyk\u0142ad inauguruj\u0105cy dzia\u0142alno\u015b\u0107 Centrum Bada\u0144 nad Upad\u0142o\u015bci\u0105, Restrukturyzacj\u0105 i Egzekucj\u0105<\/strong><\/p>\n\n\n\n<p class=\"has-medium-font-size\">Zapraszamy do obejrzenia wyk\u0142adu inauguruj\u0105cego dzia\u0142alno\u015b\u0107 Centrum Bada\u0144 nad Upad\u0142o\u015bci\u0105, Restrukturyzacj\u0105 i Egzekucj\u0105. Wyk\u0142ad porusza om\u00f3wiony dotychczas jedynie w niewielkim zakresie problem wad o\u015bwiadczenia woli przy g\u0142osowaniu nad uk\u0142adem.<\/p>\n\n\n\n<p>Ju\u017c wkr\u00f3tce na naszej stronie pojawi\u0105 si\u0119 kolejne tre\u015bci. <\/p>\n\n\n\n<figure class=\"wp-block-embed is-type-video is-provider-youtube wp-block-embed-youtube wp-embed-aspect-16-9 wp-has-aspect-ratio\"><div class=\"wp-block-embed__wrapper\">\n<iframe loading=\"lazy\" title=\"Wyk\u0142ad inauguruj\u0105cy - Wady o\u015bwiadczenia woli przy g\u0142osowaniu nad uk\u0142adem\" width=\"500\" height=\"281\" src=\"https:\/\/www.youtube.com\/embed\/7s1ioiwmNIo?feature=oembed\" frameborder=\"0\" allow=\"accelerometer; autoplay; clipboard-write; encrypted-media; gyroscope; picture-in-picture; web-share\" referrerpolicy=\"strict-origin-when-cross-origin\" allowfullscreen><\/iframe>\n<\/div><\/figure>\n\n\n\n<div class=\"wp-block-group alignfull has-accent-background-color has-background is-vertical is-layout-flex wp-container-core-group-is-layout-056709a1 wp-block-group-is-layout-flex\" style=\"margin-top:0;margin-bottom:0;padding-top:var(--wp--preset--spacing--50);padding-right:var(--wp--preset--spacing--50);padding-bottom:var(--wp--preset--spacing--50);padding-left:var(--wp--preset--spacing--50)\">\n<div class=\"wp-block-columns alignwide is-layout-flex wp-container-core-columns-is-layout-1da03c2a wp-block-columns-is-layout-flex\">\n<div class=\"wp-block-column is-vertically-aligned-stretch is-layout-flow wp-block-column-is-layout-flow\" style=\"flex-basis:50%\">\n<div class=\"wp-block-group is-vertical is-content-justification-stretch is-layout-flex wp-container-core-group-is-layout-444d5ee8 wp-block-group-is-layout-flex\" style=\"min-height:100%\">\n<p class=\"has-heading-font-family has-x-large-font-size\" style=\"line-height:1.2\">Zapraszamy na wyk\u0142ad inauguracyjny<\/p>\n\n\n\n<p class=\"has-large-font-size\">Wkr\u00f3tce na niniejszej stronie oraz w serwisie YouTube opublikowany zostanie wyk\u0142ad prof. Andrzej Torbusa inauguruj\u0105cy rozpocz\u0119cie dzia\u0142alno\u015bci przez Centrum Bada\u0144 nad Upad\u0142o\u015bci\u0105 Restrukturyzacj\u0105 i Egzekucj\u0105.<\/p>\n\n\n\n<p class=\"has-x-large-font-size\">Serdecznie zapraszamy!<\/p>\n<\/div>\n<\/div>\n\n\n\n<div class=\"wp-block-column is-vertically-aligned-center is-layout-flow wp-block-column-is-layout-flow\" style=\"flex-basis:50%\">\n<figure class=\"wp-block-image size-large is-style-rounded is-style-rounded--1\"><img loading=\"lazy\" decoding=\"async\" width=\"1024\" height=\"768\" src=\"https:\/\/centrumpure.us.edu.pl\/wp-content\/uploads\/2026\/02\/IMG_0312-1024x768.jpeg\" alt=\"\" class=\"wp-image-54\" style=\"aspect-ratio:3\/4;object-fit:cover\" srcset=\"https:\/\/centrumpure.us.edu.pl\/wp-content\/uploads\/2026\/02\/IMG_0312-1024x768.jpeg 1024w, https:\/\/centrumpure.us.edu.pl\/wp-content\/uploads\/2026\/02\/IMG_0312-300x225.jpeg 300w, https:\/\/centrumpure.us.edu.pl\/wp-content\/uploads\/2026\/02\/IMG_0312-768x576.jpeg 768w, https:\/\/centrumpure.us.edu.pl\/wp-content\/uploads\/2026\/02\/IMG_0312-1536x1152.jpeg 1536w, https:\/\/centrumpure.us.edu.pl\/wp-content\/uploads\/2026\/02\/IMG_0312-2048x1536.jpeg 2048w\" sizes=\"auto, (max-width: 1024px) 100vw, 1024px\" \/><\/figure>\n<\/div>\n<\/div>\n<\/div>\n\n\n\n<p><\/p>\n","protected":false},"excerpt":{"rendered":"<p>Wyk\u0142ad inauguruj\u0105cy dzia\u0142alno\u015b\u0107 Centrum Bada\u0144 nad Upad\u0142o\u015bci\u0105, Restrukturyzacj\u0105 i Egzekucj\u0105 Zapraszamy do obejrzenia wyk\u0142adu inauguruj\u0105cego dzia\u0142alno\u015b\u0107 Centrum Bada\u0144 nad Upad\u0142o\u015bci\u0105, Restrukturyzacj\u0105 i Egzekucj\u0105. Wyk\u0142ad porusza om\u00f3wiony dotychczas jedynie w niewielkim zakresie problem wad o\u015bwiadczenia woli przy g\u0142osowaniu nad uk\u0142adem. Ju\u017c wkr\u00f3tce na naszej stronie pojawi\u0105 si\u0119 kolejne tre\u015bci. Zapraszamy na wyk\u0142ad inauguracyjny Wkr\u00f3tce na niniejszej [&hellip;]<\/p>\n","protected":false},"author":1,"featured_media":0,"parent":0,"menu_order":0,"comment_status":"closed","ping_status":"closed","template":"","meta":{"footnotes":""},"class_list":["post-44","page","type-page","status-publish","hentry"],"_links":{"self":[{"href":"https:\/\/centrumpure.us.edu.pl\/index.php\/wp-json\/wp\/v2\/pages\/44","targetHints":{"allow":["GET"]}}],"collection":[{"href":"https:\/\/centrumpure.us.edu.pl\/index.php\/wp-json\/wp\/v2\/pages"}],"about":[{"href":"https:\/\/centrumpure.us.edu.pl\/index.php\/wp-json\/wp\/v2\/types\/page"}],"author":[{"embeddable":true,"href":"https:\/\/centrumpure.us.edu.pl\/index.php\/wp-json\/wp\/v2\/users\/1"}],"replies":[{"embeddable":true,"href":"https:\/\/centrumpure.us.edu.pl\/index.php\/wp-json\/wp\/v2\/comments?post=44"}],"version-history":[{"count":7,"href":"https:\/\/centrumpure.us.edu.pl\/index.php\/wp-json\/wp\/v2\/pages\/44\/revisions"}],"predecessor-version":[{"id":95,"href":"https:\/\/centrumpure.us.edu.pl\/index.php\/wp-json\/wp\/v2\/pages\/44\/revisions\/95"}],"wp:attachment":[{"href":"https:\/\/centrumpure.us.edu.pl\/index.php\/wp-json\/wp\/v2\/media?parent=44"}],"curies":[{"name":"wp","href":"https:\/\/api.w.org\/{rel}","templated":true}]}}