{"id":52,"date":"2026-02-08T15:26:08","date_gmt":"2026-02-08T15:26:08","guid":{"rendered":"https:\/\/centrumpure.us.edu.pl\/index.php\/dr-anna-bicz-kordonets\/"},"modified":"2026-02-08T15:32:03","modified_gmt":"2026-02-08T15:32:03","slug":"dr-anna-bicz-kordonets","status":"publish","type":"page","link":"https:\/\/centrumpure.us.edu.pl\/index.php\/dr-anna-bicz-kordonets\/","title":{"rendered":"dr Anna Bicz-Kordonets"},"content":{"rendered":"\n<figure class=\"wp-block-image size-large\"><img loading=\"lazy\" decoding=\"async\" width=\"753\" height=\"1024\" src=\"https:\/\/centrumpure.us.edu.pl\/wp-content\/uploads\/2026\/02\/Anna-Bicz-Kordonets-e1711441307558.jpg-753x1024.webp\" alt=\"\" class=\"wp-image-53\" srcset=\"https:\/\/centrumpure.us.edu.pl\/wp-content\/uploads\/2026\/02\/Anna-Bicz-Kordonets-e1711441307558.jpg-753x1024.webp 753w, https:\/\/centrumpure.us.edu.pl\/wp-content\/uploads\/2026\/02\/Anna-Bicz-Kordonets-e1711441307558.jpg-221x300.webp 221w, https:\/\/centrumpure.us.edu.pl\/wp-content\/uploads\/2026\/02\/Anna-Bicz-Kordonets-e1711441307558.jpg-768x1044.webp 768w, https:\/\/centrumpure.us.edu.pl\/wp-content\/uploads\/2026\/02\/Anna-Bicz-Kordonets-e1711441307558.jpg-1130x1536.webp 1130w, https:\/\/centrumpure.us.edu.pl\/wp-content\/uploads\/2026\/02\/Anna-Bicz-Kordonets-e1711441307558.jpg.webp 1280w\" sizes=\"auto, (max-width: 753px) 100vw, 753px\" \/><\/figure>\n\n\n\n<p>Dyrektorka \u015al\u0105skiego Centrum Arbitra\u017cu i&nbsp;Mediacji, specjalistka z&nbsp;zakresu post\u0119powania cywilnego, opiekunka Ko\u0142a Naukowego Mediacji i&nbsp;Negocjacji U\u015a. Trenerka i&nbsp;tw\u00f3rczyni licznych szkole\u0144 i&nbsp;kurs\u00f3w z&nbsp;mediacji i&nbsp;prawa. Wsp\u00f3\u0142pracuje z&nbsp;ekspertami z&nbsp;zakresu mediacji buduj\u0105c rozpoznawalno\u015b\u0107 tej&nbsp;formy rozwi\u0105zywania spor\u00f3w w&nbsp;Polsce. Uczestniczy w&nbsp;konferencjach, webinarach i&nbsp;panelach dyskusyjnych. Prowadzi mediacje z&nbsp;zakresu prawa cywilnego i&nbsp;gospodarczego.<\/p>\n","protected":false},"excerpt":{"rendered":"<p>Dyrektorka \u015al\u0105skiego Centrum Arbitra\u017cu i&nbsp;Mediacji, specjalistka z&nbsp;zakresu post\u0119powania cywilnego, opiekunka Ko\u0142a Naukowego Mediacji i&nbsp;Negocjacji U\u015a. Trenerka i&nbsp;tw\u00f3rczyni licznych szkole\u0144 i&nbsp;kurs\u00f3w z&nbsp;mediacji i&nbsp;prawa. Wsp\u00f3\u0142pracuje z&nbsp;ekspertami z&nbsp;zakresu mediacji buduj\u0105c rozpoznawalno\u015b\u0107 tej&nbsp;formy rozwi\u0105zywania spor\u00f3w w&nbsp;Polsce. Uczestniczy w&nbsp;konferencjach, webinarach i&nbsp;panelach dyskusyjnych. Prowadzi mediacje z&nbsp;zakresu prawa cywilnego i&nbsp;gospodarczego.<\/p>\n","protected":false},"author":1,"featured_media":0,"parent":0,"menu_order":0,"comment_status":"closed","ping_status":"closed","template":"","meta":{"footnotes":""},"class_list":["post-52","page","type-page","status-publish","hentry"],"_links":{"self":[{"href":"https:\/\/centrumpure.us.edu.pl\/index.php\/wp-json\/wp\/v2\/pages\/52","targetHints":{"allow":["GET"]}}],"collection":[{"href":"https:\/\/centrumpure.us.edu.pl\/index.php\/wp-json\/wp\/v2\/pages"}],"about":[{"href":"https:\/\/centrumpure.us.edu.pl\/index.php\/wp-json\/wp\/v2\/types\/page"}],"author":[{"embeddable":true,"href":"https:\/\/centrumpure.us.edu.pl\/index.php\/wp-json\/wp\/v2\/users\/1"}],"replies":[{"embeddable":true,"href":"https:\/\/centrumpure.us.edu.pl\/index.php\/wp-json\/wp\/v2\/comments?post=52"}],"version-history":[{"count":1,"href":"https:\/\/centrumpure.us.edu.pl\/index.php\/wp-json\/wp\/v2\/pages\/52\/revisions"}],"predecessor-version":[{"id":57,"href":"https:\/\/centrumpure.us.edu.pl\/index.php\/wp-json\/wp\/v2\/pages\/52\/revisions\/57"}],"wp:attachment":[{"href":"https:\/\/centrumpure.us.edu.pl\/index.php\/wp-json\/wp\/v2\/media?parent=52"}],"curies":[{"name":"wp","href":"https:\/\/api.w.org\/{rel}","templated":true}]}}